{"id":3,"date":"2025-06-04T10:08:48","date_gmt":"2025-06-04T10:08:48","guid":{"rendered":"https:\/\/elomatic-maritime-technologies.de\/?page_id=3"},"modified":"2025-06-09T14:33:53","modified_gmt":"2025-06-09T14:33:53","slug":"privacy-policy","status":"publish","type":"page","link":"https:\/\/elomatic-maritime-technologies.de\/?page_id=3","title":{"rendered":"Privacy Policy"},"content":{"rendered":"\r\n<div id=\"\" data-sectionname=\"\" data-sectionid=\"elomatic-section-block_8093b00a95dd68781244c9b3895b28a7\"\r\n     class=\"elomatic-section wp-elements-611945c022ffee93f949efad04390bdf sectionTypo-normal noBackgroundImage has-valkoinen-color has-navy-blue-background-color has-none-gradient-background sectionBG-position-center align-items-start sectionHeightMin100VH_defunc natural-height normalPadding  normalShapes   pageSection container-fluid Xd-sm-flex d-flex   positionRelative coverBackground \" style=\"background-image: url('');\" data-gradient=\"none\">\r\n\r\n\r\n    \r\n\r\n    <div data-backgroundcolor=\"navy-blue\" data-textcolor=\"valkoinen\" class=\"sectionBackgroundColorVeil has-navy-blue-background-color \"><\/div>\r\n\r\n\r\n    <div class=\"sectionGridWrapper\" data-fill=\"white\"\r\n         data-koodi=\"\" data-testikoodi=\"\">\r\n            <\/div>\r\n\r\n    <div class=\"sectionGridWrapperExtension\"><\/div>\r\n    <div class=\"container-sm sectionContent\">\r\n        <div class=\"row widthNarrow\">\r\n            <div class=\"col-12 p-0\">\r\n                \n\n<div class=\"wp-block-columns is-layout-flex wp-container-core-columns-is-layout-9d6595d7 wp-block-columns-is-layout-flex\">\n<div class=\"wp-block-column is-layout-flow wp-block-column-is-layout-flow\">\n<h1>Privacy policy<\/h1>\n<\/div>\n<\/div>\n\n\r\n            <\/div>\r\n        <\/div>\r\n    <\/div>\r\n\r\n    \r\n<\/div>\r\n\r\n\n\n\r\n<div id=\"\" data-sectionname=\"\" data-sectionid=\"elomatic-section-block_ded657e8134b56a7a7a7fb118e5d2cc0\"\r\n     class=\"elomatic-section sectionTypo-normal noBackgroundImage has-none-color has-elomatic-greyish-white-background-color has-none-gradient-background sectionBG-position-center align-items-start sectionHeightMin100VH_defunc natural-height noPadding  normalShapes   pageSection container-fluid Xd-sm-flex d-flex   positionRelative coverBackground \" style=\"background-image: url('');\" data-gradient=\"none\">\r\n\r\n\r\n    \r\n\r\n    <div data-backgroundcolor=\"elomatic-greyish-white\" data-textcolor=\"none\" class=\"sectionBackgroundColorVeil has-elomatic-greyish-white-background-color \"><\/div>\r\n\r\n\r\n    <div class=\"sectionGridWrapper\" data-fill=\"white\"\r\n         data-koodi=\"\" data-testikoodi=\"\">\r\n            <\/div>\r\n\r\n    <div class=\"sectionGridWrapperExtension\"><\/div>\r\n    <div class=\"container-sm sectionContent\">\r\n        <div class=\"row widthNarrow\">\r\n            <div class=\"col-12 p-0\">\r\n                \n\n<div class=\"wp-block-columns is-layout-flex wp-container-core-columns-is-layout-9d6595d7 wp-block-columns-is-layout-flex\">\n<div class=\"wp-block-column is-layout-flow wp-block-column-is-layout-flow\">\n<div style=\"height:80px\" aria-hidden=\"true\" class=\"wp-block-spacer\"><\/div>\n\n\n\n<p class=\"gdpr-ingressi\"><strong>Published: 12.08.2020\u00a0\u00a0\u00a0<\/strong><\/p>\n<p class=\"gdpr-ingressi\"><strong>In order to give you the best possible service possible, we may need to collect and process some personal data about you and your company. However, we respect your privacy and we are committed to protect it.<\/strong>\u00a0This privacy policy contains information about what personal data we collect, what the key principles of processing the data are and what rights you have relating to your personal data. We adhere to the EU\u2019s general data protection regulations (EU 2016\/679) in the EU. Elomatic also has business operations outside the EU. In those areas we adhere to national laws and regulations, while also adhering to the EU data protection regulations.<\/p>\n<p class=\"gdpr-ingressi\">Elomatic Oy and its daughter companies, hereafter Elomatic, process your personal data in compliance with this privacy policy and applicable laws, so we ask that you read this policy carefully.\u00a0<strong>We may make updates to this privacy policy from time to time associated with development of our business operations or changes in applicable laws.<\/strong>\u00a0A notification of possible changes will be placed on our web page and we will inform persons in our marketing and customer register of the changes.<\/p>\n<p class=\"gdpr-ingressi\">By using our services and website or contacting us, you accept that we process your personal data according to this privacy policy. If you do not accept these terms, we cannot provide any services to you.<\/p>\n<p class=\"gdpr-ingressi\">Elomatic has business operations outside of the EU and, as such, also has to process personal data outside of the EU. Outside of the EU we adhere to the EU\u2019s general data protection regulations.mukaisesti.<\/p>\n<h2>1. FOR WHAT PURPOSES IS PERSONAL DATA COLLECTED AND USED?<\/h2>\n<p>We collect, store and process your personal data only for predefined purposes. The main purposes for processing personal data are:<\/p>\n<ul>\n<li>Targeting our services and know-how<\/li>\n<li>Development of our web pages<\/li>\n<li>Customer communications and responding to contact requests<\/li>\n<li>Fulfilling our contractual obligations and offer operations<\/li>\n<li>Fulfilling legal obligations and responding to legal claims<\/li>\n<li>Development of our business and services<\/li>\n<\/ul>\n<h3>2. WHAT DATA DO YOU COLLECT ABOUT ME AND FROM WHICH SOURCES?<\/h3>\n<p>We collect personal data about you when you are in contact with Elomatic or you make use of Elomatic\u2019s web pages or later use our services or participate in our events. In addition, we may collect data from public sources and registers, such as Suomen Asiakastieto.<\/p>\n<p>We collect and analyse data about our website visitors and their behaviour with\u00a0<strong>Google Analytics, SiteImprove\u00a0<\/strong>and<strong>\u00a0Salesfoce<\/strong>\u00a0on www.elomatic.com, resource.elomatic.com and\u00a0blog.elomatic.com so that we can develop our services, web pages, expert content and events to be more relevant for our customers. We respect your privacy and we are committed to protect it. More information about data storage security in section 6. We do not collect and store personal data related to political affiliations, religious orientation and health, or similar personal data.<\/p>\n<p>turvallisuudesta lis\u00e4\u00e4 luvussa 6. Emme ker\u00e4\u00e4 ja tallenna sellaista dataa, kuten esimerkiksi: poliittista, uskonnollista, terveydellist\u00e4 tai muita n\u00e4ihin rinnastettavia henkil\u00f6kohtaisia tietoja.<\/p>\n<p>Typically, we may get following personal data directly from you:<\/p>\n<ul>\n<li>Name and surname<\/li>\n<li>Email address<\/li>\n<li>Phone number<\/li>\n<li>IP address<\/li>\n<li>Your company\u2019s address<\/li>\n<li>Title<\/li>\n<li>Areas of interest and purchasing history<\/li>\n<li>Your actions on our web pages<\/li>\n<\/ul>\n<p>Data collected from public sources:<\/p>\n<ul>\n<li>The user names of social media accounts<\/li>\n<li>Your company\u2019s turnover and other financial figures<\/li>\n<li>Your company\u2019s number of personnel<\/li>\n<li>Your company\u2019s address and location<\/li>\n<li>Your company\u2019s Business ID<\/li>\n<li>Your company\u2019s bulletins and news<\/li>\n<\/ul>\n<p>With your consent we may also process:<\/p>\n<ul>\n<li>Email marketing targeted at you<\/li>\n<li>Your areas of interest and actions on our web pages<\/li>\n<li>Content ordered from our web pages and related actions<\/li>\n<li>Registration for our events and actions related to events<\/li>\n<li>Newsletter subscriptions<\/li>\n<\/ul>\n<h3>3. WHAT IS THE BASIS FOR STORING YOUR PERSONAL DATA?<\/h3>\n<p>We make sure that we always process your personal data on the basis of the EU regulations. We may process your data on several different bases.<\/p>\n<ul>\n<li>We may process your data to fulfil and execute a contract \u2013 in accordance with article 6, 1b, when we act obligated by the contract between our companies.<\/li>\n<li>You are a potential or current customer and we offer you services. For this reason, we collect your personal data to further our legitimate interests in accordance with article 6, 1f. It is our legitimate interest to offer our services and operate and develop our business.<\/li>\n<li>Your personal data, to which you have given your consent to us, is processed in accordance with article 6,1a.<\/li>\n<\/ul>\n<p><a href=\"http:\/\/eur-lex.europa.eu\/legal-content\/FI\/TXT\/HTML\/?uri=CELEX:32016R0679&amp;from=en\" target=\"_blank\" rel=\"noopener\">REGULATION (EU) 2016\/679 OF THE EUROPEAN PARLIAMENT AND OF THE COUNCIL<\/a>\u00a0\u2013 article 6<\/p>\n<h4>3.1. WHO PROCESSES MY PERSONAL DATA AND IS IT TRANSFERRED TO THIRD PARTIES?<\/h4>\n<p>Your personal data in our marketing and customer register is primarily processed by Elomatic personnel in the performance of their business-related duties.<\/p>\n<p>We may also outsource some parts of the processing to third parties, such as the data systems used to store and process personal data. In these situations, we make sure with contracts that the confidentiality of your personal data is secured and data is otherwise processed lawfully. We conclude data protection contracts with our outsourcing partners in such cases.<\/p>\n<p>We may also disclose information to fulfil our other contractual or legal obligations or when a legal authority requires a disclosure. We may also disclose your personal data if we are a party to a business\u00a0sale, such as a merger or an acquisition. Elomatic does not sell personal data and does not disclose it to third parties.<\/p>\n<h3>4. IS MY DATA TRANSFERRED OUTSIDE THE EU?<\/h3>\n<p>Your personal information is stored in registers governed by the EU\u2019s general data protection regulations. Elomatic\u2019s daughter companies outside the EU also have access to the registers. These companies adhere to the EU\u2019s general data protection regulations. Elomatic does not sell personal data and does not disclose it to third parties.\u00a0<\/p>\n<p>Possible other disclosures outside of the EU are only related to situations where the servers of our systems are located outside of the EU. In such cases, we ensure that your personal data is processed, transferred and stored as required by law and with sufficient security mechanisms. We also use systems that have servers outside of the EU. These services are covered in section 5.<\/p>\n<h4>4.1 HOW LONG IS MY DATA STORED?\u00a0<\/h4>\n<p>We will not store your personal data for longer than is necessary for its purpose or as required by contract or regulations. The storage times for personal data may vary based on its purpose and the situation.<\/p>\n<p>Potential customer data is stored from a few weeks to several months and even years. Our customer data is stored for as long as the customership is active.<\/p>\n<h3>5. HOW IS MY DATA STORED AND KEPT SECURE?\u00a0<\/h3>\n<p>Your data is stored on the servers provided by our service providers and on Elomatic\u2019s servers, which are secured according to general standards and practices. The personal data we collect and process is kept confidential and we do not disclose it to third parties, other than those who need it for their work or confidentially to our suppliers based on service and data protection contracts we have made with them. Access to your personal data has been protected with user-specific logins, passwords and user rights. All our service suppliers adhere to the EU\u2019s data protection principles.\u00a0\u00a0<\/p>\n<p>A list of our service providers and links to their data privacy policies is provided below.<\/p>\n<ul>\n<li>Salesforce (<a href=\"https:\/\/www.salesforce.com\/company\/privacy\/\">Link to privacy policy<\/a>)*<\/li>\n<\/ul>\n<p>* The servers are located in the EU.<\/p>\n<h3>6. PROVISION OF DATA<\/h3>\n<p>If you don\u2019t want to provide us with your personal data or allow processing of it, we cannot serve you and fulfil the purpose of our business. If you don\u2019t want us to process your data in accordance with this privacy policy, we ask you that you do not provide us with any personal data.\u00a0<\/p>\n<p>If you use our services that require registration, we oblige you to register for our services with your correct information.\u00a0\u00a0<\/p>\n<h3>7. DOES YOUR WEBSITE USE COOKIES AND WHAT ARE THOSE?<\/h3>\n<p>We use cookies on our website to provide the best possible customer experience for our website visitors. Cookies are small text files that the web server places on the user\u2019s computer.\u00a0<\/p>\n<p>The web page user can enable or disable the use of cookies in web browser settings. Several web browsers automatically enable cookies. By enabling cookies, we are able to develop our web pages and offer you the best possible user and customer experience.<\/p>\n<p>With the help of cookies, you are able to use the functionalities of our pages and also access protected and registered areas. If cookies are disabled, certain pages or restricted and certain pages may not function in the right manner.\u00a0<\/p>\n<p>We make use of cookies to develop our services and web pages, to analyse the use of our web pages, and to target and optimize marketing. Cookies provide us with information about users\u2019 behaviour on our web pages. Cookies are also used to ensure and maintain the technical functioning or our web environment.\u00a0 \u00a0<\/p>\n<h3>8. WHAT RIGHTS DO I HAVE RELATING MY PERSONAL DATA?<\/h3>\n<p><strong>Withdraw your consent\u00a0<\/strong><\/p>\n<p>If we process personal data based on your consent, you can at any time withdraw your consent by notifying us by sending email to\u00a0<a href=\"mailto:marketingpolicy@elomatic.com\">marketingpolicy@elomatic.com<\/a>.<\/p>\n<p><strong>Access to data\u00a0<\/strong><\/p>\n<p>You have the right to confirmation as to whether we are processing your personal data and also to know what data we have about you. In addition, you have right to supplementary information about the principles of personal data processing. (Article 15)\u00a0<\/p>\n<p><strong>Right to have errors corrected\u00a0<\/strong><\/p>\n<p>Sinulla on oikeus pyyt\u00e4\u00e4, ett\u00e4 korjaamme sinua koskevat virheelliset tai vanhentuneet taikka muuten puutteelliset henkil\u00f6tiedot. (Artikla 16)<\/p>\n<p><strong>Right to prohibit direct marketing\u00a0<\/strong><\/p>\n<p>You have the right to request that your personal data is not processed for direct marketing purposes by sending us email to marketingpolicy@elomatic.com<\/p>\n<p><strong>Right to object to processing\u00a0<\/strong><\/p>\n<p>If we process your personal data based on public interest or our legitimate interest, you have the right to object to processing of your data, to the extent that there is no such significant other reason that would override your rights or the processing is not necessary for handling legal claims. Please note that in this case we most likely will not be able to serve you anymore. (Article 21)\u00a0<\/p>\n<p><strong>Right to restrict processing\u00a0<\/strong><\/p>\n<p>In certain situations, you have the right to require that we restrict processing of your personal data. (Article 18)\u00a0<\/p>\n<p><strong>Right to data portability\u00a0\u00a0<\/strong><\/p>\n<p>If we process your personal data based on your consent or fulfilling of a contract, you have the right to require transfer of the data you have provided to us or to another services provider in a commonly used electronic format<\/p>\n<h4>8.1. HOW CAN I USE MY RIGHTS?<\/h4>\n<p>You can execute and use your rights by contacting us by sending an email to\u00a0<a href=\"mailto:marketingpolicy@elomatic.com\">marketingpolicy@elomatic.com<\/a>\u00a0. We request that you provide your name, email address as well as your and your company\u2019s phone number.\u00a0 You should also be prepared to prove your identity, so that we may ensure that that we are processing the right person\u2019s information.<\/p>\n<p>If you consider that the processing of your personal data is not lawful, you can always notify a supervisory authority. In Finland, the supervisory authority is the\u00a0<a href=\"https:\/\/tietosuoja.fi\/en\/office-of-the-data-protection-ombudsman\" target=\"_blank\" rel=\"noopener\">Data Protection Ombudsman<\/a>.<\/p>\n<h3>9. PRIVACY POLICY UPDATING\u00a0<\/h3>\n<p>We may update this privacy policy when our operations or privacy policies principles change or develop. Also changes in law may make it necessary to update this privacy policy. The changes become valid once we have published them in the form of an updated privacy policy. Therefore, please visit this page and read this privacy policy from time to time. We will notify users of changes on our web pages and inform users that are in our marketing and customer registers directly by email.\u00a0<\/p>\n<h3>10. WHO CAN I CONTACT IN PRIVACY MATTERS?\u00a0<\/h3>\n<p><strong>Marketing and customer register related contacts<br \/><\/strong>Elomatic Oy<br \/>It\u00e4inen Rantakatu 72,<br \/>20810 Turku<br \/>Tel. +358 2 412 411<\/p>\n<p><strong>Marketing and customer register\u00a0<br \/><\/strong>Piia Leinonen<br \/><a href=\"mailto:piia.leinonen@elomatic.com\">piia.leinonen@elomatic.com<\/a><\/p>\n<p><strong>Coordination of data privacy matters\u00a0<br \/><\/strong>Ari Eronen<br \/>Tel. +358 400 352 581\u00a0<br \/><a href=\"mailto:ari.eronen@elomatic.com\">ari.eronen@elomatic.com<\/a><\/p>\n<p>Please send an email to\u00a0<a href=\"mailto:marketingpolicy@elomatic.com\">marketingpolicy@elomatic.com<\/a>\u00a0for enquiries related to personal data corrections and changes as well as data requests.\u00a0\u00a0<\/p>\n\n\n\n<div style=\"height:100px\" aria-hidden=\"true\" class=\"wp-block-spacer\"><\/div>\n<\/div>\n<\/div>\n\n\r\n            <\/div>\r\n        <\/div>\r\n    <\/div>\r\n\r\n    \r\n<\/div>\r\n\r\n","protected":false},"excerpt":{"rendered":"<p>possible service possible, we may need to collect and process some personal data about you and your company. However, we respect your privacy and we are committed to protect it.\u00a0This privacy policy contains information about what personal data we collect, what the key principles of processing the data are and what rights you have relating to your personal data. We adhere to the EU\u2019s general data protection regulations (EU 2016\/679) in the EU.<\/p>\n","protected":false},"author":1,"featured_media":0,"parent":0,"menu_order":0,"comment_status":"closed","ping_status":"open","template":"","meta":{"_acf_changed":false,"footnotes":""},"class_list":["post-3","page","type-page","status-publish","hentry"],"acf":[],"yoast_head":"<!-- This site is optimized with the Yoast SEO plugin v26.5 - https:\/\/yoast.com\/wordpress\/plugins\/seo\/ -->\n<title>Privacy Policy - Elomatic Maritime Technologies GmbH<\/title>\n<meta name=\"robots\" content=\"noindex, follow, max-snippet:-1, max-image-preview:large, max-video-preview:-1\" \/>\n<meta property=\"og:locale\" content=\"en_US\" \/>\n<meta property=\"og:type\" content=\"article\" \/>\n<meta property=\"og:title\" content=\"Privacy Policy - Elomatic Maritime Technologies GmbH\" \/>\n<meta property=\"og:description\" content=\"possible service possible, we may need to collect and process some personal data about you and your company. However, we respect your privacy and we are committed to protect it.\u00a0This privacy policy contains information about what personal data we collect, what the key principles of processing the data are and what rights you have relating to your personal data. We adhere to the EU\u2019s general data protection regulations (EU 2016\/679) in the EU.\" \/>\n<meta property=\"og:url\" content=\"https:\/\/elomatic-maritime-technologies.de\/?page_id=3\" \/>\n<meta property=\"og:site_name\" content=\"Elomatic Maritime Technologies GmbH\" \/>\n<meta property=\"article:modified_time\" content=\"2025-06-09T14:33:53+00:00\" \/>\n<meta name=\"twitter:card\" content=\"summary_large_image\" \/>\n<meta name=\"twitter:label1\" content=\"Est. reading time\" \/>\n\t<meta name=\"twitter:data1\" content=\"10 minutes\" \/>\n<script type=\"application\/ld+json\" class=\"yoast-schema-graph\">{\"@context\":\"https:\/\/schema.org\",\"@graph\":[{\"@type\":\"WebPage\",\"@id\":\"https:\/\/elomatic-maritime-technologies.de\/?page_id=3\",\"url\":\"https:\/\/elomatic-maritime-technologies.de\/?page_id=3\",\"name\":\"Privacy Policy - Elomatic Maritime Technologies GmbH\",\"isPartOf\":{\"@id\":\"https:\/\/elomatic-maritime-technologies.de\/#website\"},\"datePublished\":\"2025-06-04T10:08:48+00:00\",\"dateModified\":\"2025-06-09T14:33:53+00:00\",\"breadcrumb\":{\"@id\":\"https:\/\/elomatic-maritime-technologies.de\/?page_id=3#breadcrumb\"},\"inLanguage\":\"en-US\",\"potentialAction\":[{\"@type\":\"ReadAction\",\"target\":[\"https:\/\/elomatic-maritime-technologies.de\/?page_id=3\"]}]},{\"@type\":\"BreadcrumbList\",\"@id\":\"https:\/\/elomatic-maritime-technologies.de\/?page_id=3#breadcrumb\",\"itemListElement\":[{\"@type\":\"ListItem\",\"position\":1,\"name\":\"Home\",\"item\":\"https:\/\/elomatic-maritime-technologies.de\/\"},{\"@type\":\"ListItem\",\"position\":2,\"name\":\"Privacy Policy\"}]},{\"@type\":\"WebSite\",\"@id\":\"https:\/\/elomatic-maritime-technologies.de\/#website\",\"url\":\"https:\/\/elomatic-maritime-technologies.de\/\",\"name\":\"Elomatic Maritime Technologies GmbH\",\"description\":\"\",\"potentialAction\":[{\"@type\":\"SearchAction\",\"target\":{\"@type\":\"EntryPoint\",\"urlTemplate\":\"https:\/\/elomatic-maritime-technologies.de\/?s={search_term_string}\"},\"query-input\":{\"@type\":\"PropertyValueSpecification\",\"valueRequired\":true,\"valueName\":\"search_term_string\"}}],\"inLanguage\":\"en-US\"}]}<\/script>\n<!-- \/ Yoast SEO plugin. -->","yoast_head_json":{"title":"Privacy Policy - Elomatic Maritime Technologies GmbH","robots":{"index":"noindex","follow":"follow","max-snippet":"max-snippet:-1","max-image-preview":"max-image-preview:large","max-video-preview":"max-video-preview:-1"},"og_locale":"en_US","og_type":"article","og_title":"Privacy Policy - Elomatic Maritime Technologies GmbH","og_description":"possible service possible, we may need to collect and process some personal data about you and your company. However, we respect your privacy and we are committed to protect it.\u00a0This privacy policy contains information about what personal data we collect, what the key principles of processing the data are and what rights you have relating to your personal data. We adhere to the EU\u2019s general data protection regulations (EU 2016\/679) in the EU.","og_url":"https:\/\/elomatic-maritime-technologies.de\/?page_id=3","og_site_name":"Elomatic Maritime Technologies GmbH","article_modified_time":"2025-06-09T14:33:53+00:00","twitter_card":"summary_large_image","twitter_misc":{"Est. reading time":"10 minutes"},"schema":{"@context":"https:\/\/schema.org","@graph":[{"@type":"WebPage","@id":"https:\/\/elomatic-maritime-technologies.de\/?page_id=3","url":"https:\/\/elomatic-maritime-technologies.de\/?page_id=3","name":"Privacy Policy - Elomatic Maritime Technologies GmbH","isPartOf":{"@id":"https:\/\/elomatic-maritime-technologies.de\/#website"},"datePublished":"2025-06-04T10:08:48+00:00","dateModified":"2025-06-09T14:33:53+00:00","breadcrumb":{"@id":"https:\/\/elomatic-maritime-technologies.de\/?page_id=3#breadcrumb"},"inLanguage":"en-US","potentialAction":[{"@type":"ReadAction","target":["https:\/\/elomatic-maritime-technologies.de\/?page_id=3"]}]},{"@type":"BreadcrumbList","@id":"https:\/\/elomatic-maritime-technologies.de\/?page_id=3#breadcrumb","itemListElement":[{"@type":"ListItem","position":1,"name":"Home","item":"https:\/\/elomatic-maritime-technologies.de\/"},{"@type":"ListItem","position":2,"name":"Privacy Policy"}]},{"@type":"WebSite","@id":"https:\/\/elomatic-maritime-technologies.de\/#website","url":"https:\/\/elomatic-maritime-technologies.de\/","name":"Elomatic Maritime Technologies GmbH","description":"","potentialAction":[{"@type":"SearchAction","target":{"@type":"EntryPoint","urlTemplate":"https:\/\/elomatic-maritime-technologies.de\/?s={search_term_string}"},"query-input":{"@type":"PropertyValueSpecification","valueRequired":true,"valueName":"search_term_string"}}],"inLanguage":"en-US"}]}},"_links":{"self":[{"href":"https:\/\/elomatic-maritime-technologies.de\/index.php?rest_route=\/wp\/v2\/pages\/3","targetHints":{"allow":["GET"]}}],"collection":[{"href":"https:\/\/elomatic-maritime-technologies.de\/index.php?rest_route=\/wp\/v2\/pages"}],"about":[{"href":"https:\/\/elomatic-maritime-technologies.de\/index.php?rest_route=\/wp\/v2\/types\/page"}],"author":[{"embeddable":true,"href":"https:\/\/elomatic-maritime-technologies.de\/index.php?rest_route=\/wp\/v2\/users\/1"}],"replies":[{"embeddable":true,"href":"https:\/\/elomatic-maritime-technologies.de\/index.php?rest_route=%2Fwp%2Fv2%2Fcomments&post=3"}],"version-history":[{"count":3,"href":"https:\/\/elomatic-maritime-technologies.de\/index.php?rest_route=\/wp\/v2\/pages\/3\/revisions"}],"predecessor-version":[{"id":290,"href":"https:\/\/elomatic-maritime-technologies.de\/index.php?rest_route=\/wp\/v2\/pages\/3\/revisions\/290"}],"wp:attachment":[{"href":"https:\/\/elomatic-maritime-technologies.de\/index.php?rest_route=%2Fwp%2Fv2%2Fmedia&parent=3"}],"curies":[{"name":"wp","href":"https:\/\/api.w.org\/{rel}","templated":true}]}}